 = 2*u**3 + 15*u**2 - 8*u - 41. Determine y(-6).
115
Let x(h) = 4*h**3 - 16*h**2 - 5*h + 46. Determine x(3).
-5
Let r(j) = -j**2 - 22*j - 190. Calculate r(-10).
-70
Let l(a) = 17*a**2 - 26*a - 154. Give l(-7).
861
Let h(i) = 30*i + 27. Give h(-1).
-3
Let z(p) = -3*p**3 + 114*p**2 - 3*p + 103. Calculate z(38).
-11
Let a(w) = w**2 + 145*w + 567. What is a(-4)?
3
Let f(w) = 49*w**2 + 21*w + 20. Calculate f(-1).
48
Let k(r) = -15*r**2 - 222*r + 28. Calculate k(-15).
-17
Let n(d) = d**3 + 47*d**2 + 45*d + 22. Calculate n(-46).
68
Let t(r) = r**3 - 27*r**2 + 128*r - 27. Give t(6).
-15
Let z(x) = x**3 + 7*x**2 + 1515*x + 13781. Calculate z(-9).
-16
Let q(v) = -v + 38. What is q(49)?
-11
Let o(r) = -4*r**3 - 114*r**2 + 56*r - 34. Give o(-29).
24
Let y(m) = m**3 + m**2 - 56*m + 133. Give y(3).
1
Let u(w) = w**3 - 8*w**2 - 75*w + 526. Determine u(6).
4
Let w(j) = -7*j - 191. Calculate w(-24).
-23
Let l(g) = 73*g + 307. Determine l(-8).
-277
Let r(c) = 123*c - 2544. Determine r(21).
39
Let o(j) = -j**2 - 9*j - 2. Determine o(-13).
-54
Let k(q) = 5*q**2 - 277*q + 557. Give k(2).
23
Let y(z) = z**3 - 7*z**2 + 330*z - 957. Calculate y(3).
-3
Let u(k) = -2*k**3 - 113*k**2 - 52*k + 225. Give u(-56).
1
Let j(r) = 3*r**3 + 60*r**2 + 7*r + 147. Calculate j(-20).
7
Let l(p) = -3*p**2 - 14*p + 215. What is l(-11)?
6
Let s(x) = -2*x**2 - 111*x - 222. What is s(-2)?
-8
Let j(q) = 34*q**2 - 1218*q - 151. Determine j(36).
65
Let h(d) = d**3 + 2*d**2 - 21*d - 11. Calculate h(-5).
19
Let f(c) = -c**3 - 10*c**2 + 4*c. What is f(-10)?
-40
Let n(c) = -1269*c - 8873. Calculate n(-7).
10
Let o(u) = 2*u**3 - 42*u**2 - 94*u + 50. Determine o(23).
4
Let m(g) = -10*g**3 - 3*g**2 + 61*g - 114. Give m(2).
-84
Let x(o) = 17*o**3 + 8*o**2 - 3*o - 3. Determine x(-2).
-101
Let z(x) = -3*x**3 - 12*x**2 + 9*x + 16. Give z(-6).
178
Let h(b) = -414*b - 3359. Determine h(-8).
-47
Let h(g) = 23*g + 2017. Determine h(-88).
-7
Let w(y) = 2*y**3 - 95*y**2 + 48*y - 46. Give w(47).
1
Let z(o) = -o**3 - 25*o**2 + o - 45. What is z(-25)?
-70
Let p(x) = 2*x**2 + 51*x - 1440. Give p(17).
5
Let w(t) = 15*t**3 + t - 2. Calculate w(-2).
-124
Let n(s) = s**3 - 8*s - 82. What is n(5)?
3
Let b(z) = 312*z + 15291. What is b(-49)?
3
Let o(x) = -x**3 + 6*x**2 - 13*x - 13. Determine o(5).
-53
Let t(s) = 30*s + 365. Give t(-13).
-25
Let q(a) = -53*a - 289. What is q(-6)?
29
Let r(q) = 2*q**3 - 33*q**2 + 123*q - 6. What is r(7)?
-76
Let b(u) = 9*u**3 - 255*u**2 + 83*u + 25. Give b(28).
-3
Let i(o) = -113*o**2 - 438*o + 12. What is i(-4)?
-44
Let r(q) = 2*q**2 + 14*q - 224. Determine r(-15).
16
Let y(u) = 2*u**3 + 27*u**2 + 67*u + 131. Calculate y(-11).
-1
Let k(v) = -2*v**3 - 185*v**2 - 277*v - 391. Give k(-91).
-27
Let w(c) = -55*c**2 - 464*c + 464. Calculate w(1).
-55
Let v(w) = -w**2 + 25*w - 184. Calculate v(17).
-48
Let b(t) = -59*t + 198. Give b(6).
-156
Let k(t) = -48*t + 3198. Calculate k(65).
78
Let l(k) = k**2 - 71*k - 828. Calculate l(-10).
-18
Let z(i) = -6*i**3 - 26*i**2 - 13*i + 8. Give z(-5).
173
Let n(x) = x**3 - 7*x**2 + 28*x - 80. Calculate n(7).
116
Let p(j) = j**3 + j**2 - 45*j + 25. What is p(6)?
7
Let c(b) = -34*b + 4040. What is c(119)?
-6
Let c(o) = o**2 + 25*o + 349. Give c(-10).
199
Let g(z) = -5*z - 738. Determine g(-147).
-3
Let a(b) = -18*b - 155. Determine a(7).
-281
Let p(v) = -45*v - 329. Determine p(-4).
-149
Let b(x) = -6*x**2 - 30*x + 17. What is b(-6)?
-19
Let m(y) = 8728*y + 78544. What is m(-9)?
-8
Let p(a) = 12702*a + 38109. Determine p(-3).
3
Let a(b) = -23*b - 41. Determine a(-10).
189
Let r(g) = 11*g**2 + 26*g - 2. What is r(5)?
403
Let h(z) = -43*z - 842. Give h(-20).
18
Let s(t) = -642*t - 4489. Determine s(-7).
5
Let b(h) = 15*h - 30. Calculate b(5).
45
Let w(p) = 895*p - 17015. Determine w(19).
-10
Let j(b) = -2153*b - 32285. Determine j(-15).
10
Let n(l) = l**2 - 203*l + 3377. Give n(17).
215
Let q(r) = -13*r**2 + 19*r + 2. Calculate q(-1).
-30
Let u(o) = 137*o**2 + 632*o - 4. Give u(-6).
1136
Let j(y) = y**3 + 4*y**2 - 14*y - 1. Give j(0).
-1
Let t(u) = 9*u**2 - 5. What is t(-2)?
31
Let d(q) = -1619*q - 8007. Determine d(-5).
88
Let w(d) = 2*d**3 - 25*d**2 + 8*d + 39. What is w(12)?
-9
Let m(o) = 32*o + 240. Determine m(-9).
-48
Let b(n) = -n**3 - 156*n**2 - 320*n - 1854. Give b(-154).
-6
Let x(m) = -m**2 + 3*m - 245. Give x(0).
-245
Let g(r) = -148*r**3 + 8*r**2 + 6*r - 1. Calculate g(-1).
149
Let g(a) = -2*a**3 - 7*a**2 + 8*a - 21. Give g(-5).
14
Let l(f) = 2*f**3 - 19*f**2 + 38*f + 28. Give l(6).
4
Let n(m) = m**3 - 23*m**2 + 9*m - 212. Calculate n(23).
-5
Let o(c) = -1068*c - 5343. Determine o(-5).
-3
Let q(n) = -2*n**2 - 41*n - 163. What is q(-15)?
2
Let h(s) = 8*s + 36. Give h(-5).
-4
Let n(u) = -3*u**3 - 117*u**2 + 245*u + 1. Calculate n(-41).
42
Let m(l) = l**3 + 45*l**2 + 132*l + 234. Give m(-42).
-18
Let b(q) = 17*q + 34. Determine b(-3).
-17
Let z(n) = -n**3 + 75*n**2 + 561*n + 1060. Calculate z(82).
-6
Let g(w) = -339*w - 23009. What is g(-68)?
43
Let x(s) = -2*s**2 + 400*s - 6558. Determine x(182).
-6
Let x(o) = 3*o**2 + 95*o + 207. What is x(-29)?
-25
Let x(y) = -6115*y + 140642. Calculate x(23).
-3
Let z(l) = -4*l**2 + 42. Calculate z(3).
6
Let t(u) = 27*u**2 - 162*u - 26. Calculate t(10).
1054
Let g(v) = -v**3 + 38*v**2 - 163*v - 74. Determine g(33).
-8
Let q(v) = -5*v**3 - 75*v**2 + 16*v + 225. Determine q(-15).
-15
Let j(k) = -312*k + 5931. What is j(19)?
3
Let c(o) = -3*o**3 + 10*o**2 + 3*o - 28. What is c(3)?
-10
Let j(u) = -52*u**2 + 8*u - 2. Determine j(0).
-2
Let i(q) = 4*q**2 + 185*q + 987. Determine i(-6).
21
Let r(k) = -4*k**2 + 119*k + 55. Give r(30).
25
Let d(n) = -39824*n - 517705. What is d(-13)?
7
Let b(m) = m**3 - 8*m**2 - 667*m + 3404. Calculate b(5).
-6
Let a(k) = 128*k + 253. Give a(-3).
-131
Let a(j) = -7*j + 203. Determine a(27).
14
Let j(c) = c**2 + 19*c + 7. Give j(-17).
-27
Let o(c) = 2*c**3 + 40*c**2 - 46*c + 9. Give o(-21).
93
Let x(o) = -1216*o - 10961. What is x(-9)?
-17
Let k(i) = i**2 + 59*i - 407. Determine k(-60).
-347
Let v(o) = -o**3 - 12*o**2 + 26*o - 13. Calculate v(-16).
595
Let y(k) = -2*k**3 - 5*k**2 + 30*k + 13. Give y(-5).
-12
Let r(c) = c**2 + 272*c + 1862. Give r(-7).
7
Let m(a) = -4*a**2 - 418*a - 417. Calculate m(-1).
-3
Let q(c) = -c**3 - 15*c**2 + 124*c + 514. What is q(-20)?
34
Let s(m) = 252*m**3 + m**2 + m - 1. What is s(-1)?
-253
Let r(x) = 59*x + 417. Calculate r(-7).
4
Let i(g) = -g**2 + 21*g + 148. What is i(25)?
48
Let a(h) = -164*h - 589. Calculate a(-5).
231
Let l(k) = -66*k + 883. Calculate l(10).
223
Let x(i) = -319*i + 3194. What is x(10)?
4
Let b(p) = 904*p + 39777. Give b(-44).
1
Let y(b) = b**3 - 3*b**2 + 4*b - 96. Give y(0).
-96
Let k(r) = r**2 + 217*r + 3027. What is k(-15)?
-3
Let c(u) = -6*u**2 + 207*u - 61. Give c(34).
41
Let g(j) = j**3 + 13*j**2 + 44*j + 26. Determine g(-9).
-46
Let t(a) = 18321*a + 109935. Give t(-6).
9
Let k(r) = -595*r + 9525. Give k(16).
5
Let t(n) = -17*n + 233. Determine t(23).
-158
Let s(b) = -b**3 + 51*b**2 + 21*b + 1617. Give s(52).
5
Let f(a) = -61*a + 533. Determine f(9).
-16
Let k(f) = -f**3 - 10*f**2 + 116. Calculate k(-9).
35
Let x(w) = -w**2 + 24*w + 186. Calculate x(23).
209
Let o(a) = 112*a**2 + 4259*a + 111. What is o(-38)?
-3
Let n(w) = -162*w**3 - 4*w - 2. Determine n(-1).
164
Let h(k) = k**3 + 2*k**2 + k - 134. Give h(0).
-134
Let o(u) = 11*u**3 - 2*u**2 - 3*u - 3. Give o(-1).
-13
Let r(j) = -3*j**3 + 24*j**2 - 15*j + 18. Calculate r(7).
60
Let g(n) = -60*n + 8. What is g(0)?
8
Let o(f) = -561*f**2 - 5058*f - 74. What is o(-9)?
7
Let l(v) = v**3 - 6*v**2 + 134*v - 778. Calculate l(6).
26
Let y(x) = -19*x**2 + 6*x - 1. Calculate y(-1).
-26
Let i(t) = 51*t**3 + 3*t**2 + t + 1. Determine i(-1).
-48
Let g(c) = -c**2 - 115*c - 1677. Give g(-17).
-11
Let q(l) = 65*l**2 + 14*l - 75. Give q(1).
4
Let g(x) = -22*x + 421. What is g(13)?
135
Let l(q) = 3*q - 56. Calculate l(19).
1
Let c(o) = -o**3 - o**2 + 79*o + 78. Give c(-1).
-1
Let x(l) = -l**3 + 4*l**2 - 12*l + 22. Give x(0).
22
Let l(a) = 30*a**2 + 9*a + 7. Give l(-1).
28
Let b(n) = 2*n**2 - 132*n + 911. Give b(58).
-17
Let t(s) = s**3 + 92*s**2 - 374*s - 6. Calculate t(4).
34
Let f(b) = b**3 - 126*b**2 - 1509*b + 335. Determine f(137).
61
Let c(d) = 60*d**2 + 8*d - 10. What is c(2)?
246
Let 